54. Determine s(18).
14
Let u(v) = -v**2 - 220*v + 23881. Give u(80).
-119
Let o(t) = -89134*t + 15. Determine o(0).
15
Let h(g) = g**2 - 88*g + 1658. What is h(64)?
122
Let n(j) = -2*j**3 - 24*j**2 + 10*j + 16. Calculate n(-14).
660
Let t(p) = -1871*p - 71276. Determine t(-38).
-178
Let g(u) = -u**2 - 526*u - 8239. What is g(-16)?
-79
Let z(m) = -55732*m + 5684681. Calculate z(102).
17
Let o(i) = 218*i**2 - 3359*i - 26. Give o(14).
-4324
Let q(a) = 250*a**2 - 30*a - 86. Determine q(2).
854
Let i(v) = -v**3 + 68*v**2 + 318*v - 2158. Calculate i(72).
2
Let o(r) = 2295*r + 16192. Calculate o(-7).
127
Let t(a) = -6295*a + 82253. Calculate t(13).
418
Let k(w) = 897*w - 11914. Give k(15).
1541
Let r(c) = -7865*c - 456145. Give r(-58).
25
Let f(b) = -1224852*b + 2449683. Give f(2).
-21
Let m(g) = -4278*g**2 - 206*g + 208. What is m(1)?
-4276
Let h(g) = g**3 + 15*g**2 - 287*g + 29. Give h(12).
473
Let v(h) = -128*h**2 - 6142*h + 64. Calculate v(-48).
-32
Let g(f) = 1053*f**3 - 3160*f**2 + 11*f - 21. Calculate g(3).
3
Let x(k) = k**3 - 72*k**2 + 1152*k + 2019. Calculate x(46).
-5
Let t(p) = -76*p**3 - 226*p**2 - 269*p - 830. Give t(-3).
-5
Let n(z) = -1146*z + 103022. What is n(87)?
3320
Let m(v) = -v**3 + 16*v**2 + 202*v - 26. Give m(24).
214
Let r(c) = c**2 - 69*c - 104112. Determine r(-290).
-2
Let q(j) = j**3 - 849*j**2 - 24430*j - 110508. Give q(877).
-6
Let w(m) = -m**2 + 293958*m + 3821604. Calculate w(-13).
-19
Let g(j) = j**3 - 54*j**2 + 550*j + 500. Determine g(20).
-2100
Let d(j) = 4140*j + 41461. Give d(-10).
61
Let m(x) = -3*x**2 - 50*x - 326. Determine m(-25).
-951
Let w(k) = 9*k**3 + 606*k**2 + 86*k - 7705. What is w(-67)?
0
Let y(m) = -71*m**2 - 346*m + 18. Calculate y(0).
18
Let s(c) = c**3 - 336*c**2 - 2761*c + 2919. What is s(344)?
-177
Let y(s) = 8*s**3 + 506*s**2 + 147*s + 1360. What is y(-63)?
37
Let q(b) = -9*b**2 - 2588*b - 1431. Determine q(-287).
4
Let j(t) = 8*t**2 - 564*t + 3249. Give j(64).
-79
Let d(n) = -n**3 + 26*n**2 - 156*n + 88. Determine d(17).
37
Let s(k) = -k**3 + 18*k**2 - 66*k - 118. Determine s(12).
-46
Let k(p) = -3*p - 168. Give k(-13).
-129
Let y(h) = -7155*h - 43652. What is y(-6)?
-722
Let v(s) = -s**3 + 66545*s**2 + 133089*s - 4. Determine v(-2).
6
Let i(l) = 267577*l - 5619122. Give i(21).
-5
Let u(n) = n**3 - 156*n**2 - 1531*n + 238840. Determine u(156).
4
Let o(y) = 178*y**2 - 3927*y + 341. Determine o(22).
99
Let m(c) = -2*c**2 + 5835*c + 881707. Give m(-144).
-5
Let l(i) = i**3 - 233*i**2 - 59*i - 41077. Give l(234).
-127
Let i(u) = -2*u**2 + 232*u - 6805. What is i(62)?
-109
Let n(d) = -50592*d + 101195. Determine n(2).
11
Let x(t) = t**2 - 66*t - 1061. Give x(70).
-781
Let n(b) = 316*b - 32570. Determine n(103).
-22
Let j(k) = 2*k**3 + 24*k**2 + 47263*k + 567161. Calculate j(-12).
5
Let v(l) = -18*l**2 - 300*l + 424. Give v(-18).
-8
Let q(j) = -38*j**2 - 937*j + 6941. Calculate q(-31).
-530
Let k(c) = -2*c**2 - 8013*c + 779289. Give k(95).
4
Let t(c) = -9897*c - 109044. What is t(-11)?
-177
Let i(w) = w**2 + 311*w - 23184. Calculate i(64).
816
Let o(y) = -y**3 - 2*y**2 - 1312*y - 26. Calculate o(0).
-26
Let l(n) = 2*n**2 + 9341*n - 28044. Determine l(3).
-3
Let i(v) = -v**3 - 135*v**2 - 948*v - 90694. Determine i(-133).
12
Let p(k) = -13362*k - 265864. What is p(-20)?
1376
Let k(q) = 5782*q + 166. Calculate k(0).
166
Let o(q) = q**3 - 24*q**2 + 34866*q - 173855. Determine o(5).
0
Let z(m) = 27092*m + 189643. Calculate z(-7).
-1
Let y(b) = -7*b**2 - 768*b + 28277. Determine y(29).
118
Let h(o) = -8360*o**2 + 41788*o - 77. What is h(5)?
-137
Let o(g) = -6*g**3 - 12*g**2 + 64*g + 223. Determine o(-3).
85
Let w(o) = -17632*o - 70507. Calculate w(-4).
21
Let n(u) = -358202*u - 4298420. Determine n(-12).
4
Let x(h) = 7*h**3 + 464*h**2 + 166*h + 2240. Give x(-66).
-4
Let v(c) = c**2 + 12208*c - 4266332. Determine v(340).
-12
Let w(d) = -d**3 + 25*d**2 + 62*d - 16. Determine w(26).
920
Let z(m) = -7309*m - 643195. Give z(-88).
-3
Let p(q) = 1614*q + 3196. What is p(-2)?
-32
Let c(a) = -a**2 + 512*a - 41329. Determine c(412).
-129
Let n(k) = -14879*k + 416594. Determine n(28).
-18
Let s(x) = -188*x**2 + 10720*x - 233. Give s(57).
-5
Let v(u) = -2*u**3 - 31*u**2 - 161*u + 140. Determine v(-8).
468
Let p(a) = -10*a**2 - 25*a + 11036. Calculate p(32).
-4
Let w(s) = -128*s**2 + 41982*s + 665. What is w(328)?
9
Let x(j) = -139*j**3 - 28*j**2 - 20*j + 22. Determine x(3).
-4043
Let l(m) = -92*m - 4416. Give l(-48).
0
Let l(y) = -y**2 + 7938*y + 55607. Give l(-7).
-8
Let b(k) = k**3 - 297*k**2 + 9842*k - 59. Determine b(259).
-59
Let o(x) = -6332*x + 221682. Determine o(35).
62
Let m(u) = u**2 + 5321*u + 29. Calculate m(0).
29
Let g(r) = -183*r**2 + 1595*r + 14. Determine g(9).
-454
Let q(y) = 2*y**2 - 1124*y + 154392. Calculate q(239).
-2
Let u(m) = 65*m**2 + 288*m + 842. Give u(-3).
563
Let r(t) = -2731146*t + 10924588. Give r(4).
4
Let a(n) = -46*n - 238. What is a(-1)?
-192
Let v(s) = -3860*s - 89389. Calculate v(-23).
-609
Let c(o) = -4*o**3 + 889*o**2 + 687*o - 4000. Determine c(223).
14
Let i(n) = -2*n**2 + 2427*n + 1007547. What is i(-327)?
60
Let v(m) = -62336*m - 373993. Give v(-6).
23
Let z(c) = -77*c + 5480. Determine z(99).
-2143
Let g(m) = 5*m**2 + 4323*m + 737808. Give g(-234).
6
Let l(f) = -5*f**2 - 1724*f - 10357. Calculate l(-6).
-193
Let w(z) = -356*z + 195. What is w(1)?
-161
Let d(c) = 57*c**2 + 70*c - 3. Calculate d(-4).
629
Let x(h) = 15*h**2 + 623*h + 7127. What is x(-13)?
1563
Let c(v) = 335*v + 6534. Give c(-20).
-166
Let h(a) = -12*a**3 - 4*a**2 + 9*a - 4. Give h(0).
-4
Let w(f) = f**2 + 1583*f - 35304. Calculate w(22).
6
Let j(m) = -13*m**2 - 107576*m + 430318. Calculate j(4).
-194
Let x(r) = -77*r - 4680. What is x(-61)?
17
Let c(y) = -42*y**2 + 2325*y - 5226. Calculate c(53).
21
Let t(u) = u**3 - 11*u**2 - 169*u - 41. Give t(-8).
95
Let s(o) = 23*o**2 - 8488*o + 467. Calculate s(369).
98
Let g(r) = -53*r**2 - 2669*r - 1029. Calculate g(-50).
-79
Let f(c) = 30*c**2 + 8154*c + 8147. Give f(-1).
23
Let l(f) = -f**2 - 137*f - 646. Calculate l(-5).
14
Let z(n) = 1922*n - 5808. What is z(3)?
-42
Let p(y) = -5097*y - 142621. Give p(-28).
95
Let n(w) = -1605*w - 14337. Give n(-9).
108
Let k(r) = 4*r**3 - 10*r**2 - 178*r - 23. Give k(-7).
-639
Let w(d) = d**2 - 341*d + 22971. Give w(251).
381
Let m(a) = 26*a**2 + 10*a - 1. Calculate m(0).
-1
Let l(y) = y**3 - 44*y**2 + 123*y + 1358. Give l(40).
-122
Let s(j) = j**3 + 44*j**2 - 269*j + 1550. Calculate s(-50).
0
Let p(j) = 223926*j - 1791408. Give p(8).
0
Let v(k) = 13*k**2 - 574*k + 2298. What is v(4)?
210
Let u(j) = 505*j**3 - 2523*j**2 - 32*j + 111. Calculate u(5).
1
Let s(g) = -39*g**3 + 21*g**2 - 20*g + 2. Give s(1).
-36
Let o(z) = 103*z**2 + 478*z - 366. Determine o(-5).
-181
Let o(h) = -13*h**2 - 1549*h + 1550. Give o(1).
-12
Let g(q) = 15712*q - 565657. Calculate g(36).
-25
Let j(w) = -2*w**3 - 99*w**2 - 175*w - 11260. Determine j(-50).
-10
Let x(w) = 3108*w - 46536. What is x(15)?
84
Let k(u) = -2*u**3 + 27*u**2 - 140*u + 78. Give k(9).
-453
Let r(s) = 2*s**2 - 1366*s - 25225. Calculate r(-18).
11
Let d(a) = 82*a**2 - 1405*a + 176. Give d(17).
-11
Let w(t) = -198*t**3 + 18*t**2 - 63*t - 80. Calculate w(-1).
199
Let k(s) = -691*s - 31351. What is k(-44)?
-947
Let t(v) = -2253*v + 51757. Determine t(23).
-62
Let u(v) = 3*v**2 - 18305*v + 182757. Calculate u(10).
7
Let t(u) = -17*u**2 - 345*u + 3145. Calculate t(9).
-1337
Let j(p) = 1364*p + 39563. Calculate j(-29).
7
Let v(j) = 263*j**2 - 3101*j - 666. Determine v(12).
-6
Let s(j) = -3*j**3 - 146*j**2 - 1060*j + 140. What is s(-9)?
41
Let b(n) = -n**3 + 23*n**2 - 6780*n + 163295. Calculate b(24).
-1
Let h(x) = -35*x**2 - 1075*x + 22517. Determine h(-45).
17
Let d(q) = -q**3 - 106*q**2 + 418*q + 3. Calculate d(4).
-85
Let u(n) = -n**3 - 45*n**2 + 361*n + 16246. Calculate u(-45).
1
Let w(v) = 788199*v + 1576413. Calculate w(-2).
15
Let i(o) = -9128*o + 456400. Calculate i(50).
0
Let d(h) = 1503*h + 28557. Give d(-19).
0
Let j(d) = d**3 - 61*d**2 - 112*d - 426. Give j(62).
-3526
Let h(s) = -52*s**2 + 959*s + 5463. Give h(23).
12
Let m(q) = -713*q + 60678. What is m(85)?
73
Let k(s) = -4*s**3 - 335*s**2 - 21*s - 8831. Calculate k(-84).
-11
Let s(g) = -2973*g + 4283. Determine s(2).
-1663
